82 and 14.
14
What is the greatest common factor of 228 and 202476?
12
Calculate the greatest common divisor of 6677 and 33.
11
Calculate the greatest common divisor of 528 and 69264.
48
Calculate the greatest common factor of 131563 and 6035.
1207
Calculate the greatest common divisor of 191282 and 42.
14
What is the greatest common factor of 28050 and 22?
22
What is the highest common divisor of 273102 and 46?
46
What is the greatest common factor of 2256 and 17343?
141
What is the greatest common factor of 771 and 26728?
257
Calculate the highest common factor of 352 and 8206.
22
Calculate the greatest common factor of 42402 and 8769.
111
Calculate the highest common factor of 4123 and 84630.
217
Calculate the highest common factor of 2780 and 2240.
20
What is the greatest common factor of 924 and 53676?
84
What is the highest common divisor of 44 and 60236?
44
What is the highest common divisor of 78728 and 104?
104
Calculate the greatest common factor of 36411 and 159.
159
Calculate the greatest common divisor of 152272 and 16.
16
Calculate the highest common factor of 378987 and 14.
7
What is the greatest common factor of 72448 and 72?
8
What is the greatest common factor of 80141 and 1?
1
What is the greatest common factor of 1455 and 9?
3
Calculate the highest common divisor of 239129 and 44.
11
What is the greatest common divisor of 777 and 261534?
21
Calculate the greatest common divisor of 32 and 1816.
8
Calculate the greatest common factor of 23113984 and 256.
256
Calculate the highest common divisor of 7 and 230797.
7
What is the greatest common divisor of 95 and 6403?
19
What is the greatest common factor of 46 and 48185?
23
Calculate the highest common divisor of 50624 and 672.
224
What is the greatest common divisor of 374 and 100606?
374
What is the greatest common factor of 10855 and 1430?
65
What is the highest common divisor of 416 and 1189682?
26
Calculate the highest common factor of 630616 and 49.
7
Calculate the highest common divisor of 4809 and 840.
21
Calculate the highest common factor of 35448 and 336.
168
Calculate the greatest common divisor of 1068 and 1393384.
356
Calculate the greatest common factor of 49115 and 1672.
209
Calculate the highest common factor of 28 and 2366266.
14
Calculate the greatest common divisor of 1 and 30391.
1
What is the greatest common factor of 268 and 165691?
67
What is the greatest common divisor of 14872 and 2197?
169
What is the greatest common factor of 80 and 23710?
10
Calculate the highest common factor of 169792 and 336.
112
What is the highest common factor of 207415 and 1170?
65
What is the greatest common factor of 144 and 74826?
18
Calculate the greatest common factor of 48 and 2576.
16
What is the highest common divisor of 15 and 258550?
5
What is the greatest common factor of 921600 and 7040?
640
Calculate the highest common divisor of 9135 and 980.
35
Calculate the greatest common divisor of 602266 and 14.
14
Calculate the greatest common factor of 19 and 3007624.
19
Calculate the greatest common factor of 154 and 1367646.
14
What is the greatest common factor of 47678 and 124?
62
What is the highest common factor of 115078 and 19062?
706
What is the highest common divisor of 336 and 54264?
168
Calculate the greatest common factor of 380330 and 2920.
730
Calculate the greatest common divisor of 209833 and 13.
13
What is the greatest common factor of 2899 and 741?
13
Calculate the highest common divisor of 3600 and 17325.
225
What is the highest common factor of 39096 and 24?
24
Calculate the greatest common factor of 2592 and 55008.
288
Calculate the greatest common divisor of 344 and 7288.
8
Calculate the highest common divisor of 141960 and 15.
15
What is the highest common divisor of 3825 and 147475?
425
Calculate the highest common divisor of 189184 and 24.
8
Calculate the highest common factor of 4461 and 132.
3
Calculate the highest common divisor of 5691 and 10521.
21
Calculate the highest common factor of 3893 and 51.
17
Calculate the greatest common divisor of 1168 and 4720.
16
Calculate the highest common divisor of 848 and 310792.
424
Calculate the greatest common divisor of 5168 and 135280.
304
Calculate the greatest common factor of 99847 and 5008.
313
What is the highest common divisor of 2880013 and 641?
641
Calculate the highest common divisor of 2316 and 36.
12
What is the greatest common divisor of 97 and 604989?
97
What is the highest common factor of 3546 and 141446?
394
Calculate the highest common factor of 1353 and 386507.
451
Calculate the highest common divisor of 48971 and 13.
13
Calculate the greatest common factor of 105 and 686.
7
Calculate the greatest common divisor of 17296 and 1269094.
2162
What is the greatest common divisor of 19344 and 572?
52
What is the greatest common divisor of 209720 and 30709?
749
What is the greatest common factor of 10 and 575956?
2
Calculate the greatest common factor of 64790 and 3762.
418
What is the greatest common divisor of 12594 and 96?
6
Calculate the highest common factor of 4509038 and 298.
298
Calculate the greatest common factor of 21252 and 5764.
44
Calculate the highest common factor of 1139362 and 5432.
1358
Calculate the highest common factor of 969 and 7809.
57
What is the greatest common divisor of 143308 and 748?
44
Calculate the highest common divisor of 4067 and 343.
49
Calculate the greatest common factor of 425904 and 24.
24
Calculate the greatest common factor of 25552 and 48.
16
Calculate the greatest common divisor of 224587 and 1870.
187
Calculate the highest common factor of 153018 and 18.
18
What is the greatest common factor of 342 and 36594?
342
What is the highest common factor of 8692 and 316?
4
What is the highest common factor of 90 and 7456830?
30
Calculate the greatest common factor of 137472 and 11814.
1074
Calculate the highest common factor of 243 and 363879.
27
Calculate the greatest common factor of 77 and 1744127.
77
What is the highest common factor of 6342 and 1932?
42
What is the highest common factor of 19572 and 8820?
84
Calculate the highest common factor of 1904 and 12512.
272
Calculate the greatest common factor of 1295 and 114219.
259
What is the greatest common divisor of 184 and 7268?
92
What is the greatest common divisor of 1471730 and 52?
26
What is the highest common factor of 1460 and 29492?
292
What is the highest common divisor of 3300 and 396?
132
Calculate the greatest common factor of 3240 and 4851.
9
What is the highest common factor of 99372 and 2352?
588
Calculate the greatest common divisor of 6367102 and 742.
742
What is the greatest common divisor of 14883 and 246?
123
Calculate the highest common divisor of 815719 and 284.
71
Calculate the highest common divisor of 582 and 74787.
291
What is the greatest common factor of 329328 and 80?
16
What is the greatest common divisor of 1156 and 16524?
68
Calculate the greatest common factor of 42 and 61796.
14
Calculate the greatest common divisor of 73038 and 8029.
259
What is the greatest common factor of 1482208 and 182?
182
Calculate the greatest common divisor of 303205 and 2345.
35
Calculate the greatest common factor of 100 and 3275.
25
Calculate the highest common divisor of 95265 and 2088.
261
What is the highest common divisor of 414985 and 5?
5
What is the highest common divisor of 8208 and 120?
24
Calculate the highest common divisor of 333889 and 699.
233
What is the highest common factor of 17424 and 576?
144
What is the highest common factor of 6385 and 5?
5
Calculate the greatest common factor of 19 and 8852689.
19
What is the highest common factor of 32 and 18936?
8
What is the highest common divisor of 84966 and 96526?
578
What is the highest common factor of 1098 and 842166?
1098
Calculate the highest common factor of 2793 and 548310.
147
What is the highest common divisor of 19800 and 405?
45
Calculate the greatest common divisor of 12467 and 14.
7
Calculate the highest common factor of 427504 and 528.
176
Calculate the greatest common divisor of 603560 and 10.
10
What is the highest common divisor of 4459 and 2646?
49
Calculate the greatest common divisor of 1808 and 12752.
16
Calculate the greatest common factor of 2145 and 409305.
195
What is the greatest common factor o